{"id":4661,"date":"2026-07-08T12:23:11","date_gmt":"2026-07-08T12:23:11","guid":{"rendered":"https:\/\/mdc1060.brussels\/agenda\/workshop-vliegers-maken-shekina\/"},"modified":"2026-07-08T12:23:11","modified_gmt":"2026-07-08T12:23:11","slug":"workshop-vliegers-maken-shekina","status":"publish","type":"evenements","link":"https:\/\/mdc1060.brussels\/nl\/agenda\/workshop-vliegers-maken-shekina\/","title":{"rendered":"Workshop vliegers maken &#8211; Shekina"},"content":{"rendered":"","protected":false},"excerpt":{"rendered":"","protected":false},"featured_media":4662,"menu_order":0,"template":"","type-de-public-evenement":[79],"etiquette-devenement":[],"categorie-devenement":[63],"class_list":["post-4661","evenements","type-evenements","status-publish","has-post-thumbnail","hentry","type-de-public-evenement-kind","categorie-devenement-workshop"],"yoast_head":"<!-- This site is optimized with the Yoast SEO plugin v28.3 - https:\/\/yoast.com\/product\/yoast-seo-wordpress\/ -->\n<title>Workshop vliegers maken - Shekina - La Maison des Cultures de Saint-Gilles<\/title>\n<meta name=\"robots\" content=\"index, follow, max-snippet:-1, max-image-preview:large, max-video-preview:-1\" \/>\n<link rel=\"canonical\" href=\"https:\/\/mdc1060.brussels\/nl\/agenda\/workshop-vliegers-maken-shekina\/\" \/>\n<meta property=\"og:locale\" content=\"nl_NL\" \/>\n<meta property=\"og:type\" content=\"article\" \/>\n<meta property=\"og:title\" content=\"Workshop vliegers maken - Shekina - La Maison des Cultures de Saint-Gilles\" \/>\n<meta property=\"og:url\" content=\"https:\/\/mdc1060.brussels\/nl\/agenda\/workshop-vliegers-maken-shekina\/\" \/>\n<meta property=\"og:site_name\" content=\"La Maison des Cultures de Saint-Gilles\" \/>\n<meta property=\"og:image\" content=\"https:\/\/mdc1060.brussels\/wp-content\/uploads\/2026\/07\/MDC-agenda-atelier-de-fabrication-de-cerfs-volants-shekina-maison-des-cultures-de-saint-gilles.webp\" \/>\n\t<meta property=\"og:image:width\" content=\"1500\" \/>\n\t<meta property=\"og:image:height\" content=\"1500\" \/>\n\t<meta property=\"og:image:type\" content=\"image\/webp\" \/>\n<meta name=\"twitter:card\" content=\"summary_large_image\" \/>\n<script type=\"application\/ld+json\" class=\"yoast-schema-graph\">{\"@context\":\"https:\\\/\\\/schema.org\",\"@graph\":[{\"@type\":\"WebPage\",\"@id\":\"https:\\\/\\\/mdc1060.brussels\\\/nl\\\/agenda\\\/workshop-vliegers-maken-shekina\\\/\",\"url\":\"https:\\\/\\\/mdc1060.brussels\\\/nl\\\/agenda\\\/workshop-vliegers-maken-shekina\\\/\",\"name\":\"Workshop vliegers maken - Shekina - La Maison des Cultures de Saint-Gilles\",\"isPartOf\":{\"@id\":\"https:\\\/\\\/mdc1060.brussels\\\/nl\\\/#website\"},\"primaryImageOfPage\":{\"@id\":\"https:\\\/\\\/mdc1060.brussels\\\/nl\\\/agenda\\\/workshop-vliegers-maken-shekina\\\/#primaryimage\"},\"image\":{\"@id\":\"https:\\\/\\\/mdc1060.brussels\\\/nl\\\/agenda\\\/workshop-vliegers-maken-shekina\\\/#primaryimage\"},\"thumbnailUrl\":\"https:\\\/\\\/mdc1060.brussels\\\/wp-content\\\/uploads\\\/2026\\\/07\\\/MDC-agenda-atelier-de-fabrication-de-cerfs-volants-shekina-maison-des-cultures-de-saint-gilles.webp\",\"datePublished\":\"2026-07-08T12:23:11+00:00\",\"breadcrumb\":{\"@id\":\"https:\\\/\\\/mdc1060.brussels\\\/nl\\\/agenda\\\/workshop-vliegers-maken-shekina\\\/#breadcrumb\"},\"inLanguage\":\"nl-NL\",\"potentialAction\":[{\"@type\":\"ReadAction\",\"target\":[\"https:\\\/\\\/mdc1060.brussels\\\/nl\\\/agenda\\\/workshop-vliegers-maken-shekina\\\/\"]}]},{\"@type\":\"ImageObject\",\"inLanguage\":\"nl-NL\",\"@id\":\"https:\\\/\\\/mdc1060.brussels\\\/nl\\\/agenda\\\/workshop-vliegers-maken-shekina\\\/#primaryimage\",\"url\":\"https:\\\/\\\/mdc1060.brussels\\\/wp-content\\\/uploads\\\/2026\\\/07\\\/MDC-agenda-atelier-de-fabrication-de-cerfs-volants-shekina-maison-des-cultures-de-saint-gilles.webp\",\"contentUrl\":\"https:\\\/\\\/mdc1060.brussels\\\/wp-content\\\/uploads\\\/2026\\\/07\\\/MDC-agenda-atelier-de-fabrication-de-cerfs-volants-shekina-maison-des-cultures-de-saint-gilles.webp\",\"width\":1500,\"height\":1500,\"caption\":\"L\u2019atelier Shekina propose de fabriquer et personnaliser son propre cerf-volant dans une activit\u00e9 cr\u00e9ative et ludique.\"},{\"@type\":\"BreadcrumbList\",\"@id\":\"https:\\\/\\\/mdc1060.brussels\\\/nl\\\/agenda\\\/workshop-vliegers-maken-shekina\\\/#breadcrumb\",\"itemListElement\":[{\"@type\":\"ListItem\",\"position\":1,\"name\":\"Accueil\",\"item\":\"https:\\\/\\\/mdc1060.brussels\\\/nl\\\/\"},{\"@type\":\"ListItem\",\"position\":2,\"name\":\"Ev\u00e9nements\",\"item\":\"https:\\\/\\\/mdc1060.brussels\\\/nl\\\/agenda\\\/\"},{\"@type\":\"ListItem\",\"position\":3,\"name\":\"Workshop vliegers maken &#8211; Shekina\"}]},{\"@type\":\"WebSite\",\"@id\":\"https:\\\/\\\/mdc1060.brussels\\\/nl\\\/#website\",\"url\":\"https:\\\/\\\/mdc1060.brussels\\\/nl\\\/\",\"name\":\"La Maison des Cultures de Saint-Gilles\",\"description\":\"Un lieu vivant d\u00e9di\u00e9 \u00e0 l\u2019art, aux rencontres et aux pratiques culturelles.\",\"publisher\":{\"@id\":\"https:\\\/\\\/mdc1060.brussels\\\/nl\\\/#organization\"},\"potentialAction\":[{\"@type\":\"SearchAction\",\"target\":{\"@type\":\"EntryPoint\",\"urlTemplate\":\"https:\\\/\\\/mdc1060.brussels\\\/nl\\\/?s={search_term_string}\"},\"query-input\":{\"@type\":\"PropertyValueSpecification\",\"valueRequired\":true,\"valueName\":\"search_term_string\"}}],\"inLanguage\":\"nl-NL\"},{\"@type\":\"Organization\",\"@id\":\"https:\\\/\\\/mdc1060.brussels\\\/nl\\\/#organization\",\"name\":\"La Maison des Cultures de Saint-Gilles\",\"url\":\"https:\\\/\\\/mdc1060.brussels\\\/nl\\\/\",\"logo\":{\"@type\":\"ImageObject\",\"inLanguage\":\"nl-NL\",\"@id\":\"https:\\\/\\\/mdc1060.brussels\\\/nl\\\/#\\\/schema\\\/logo\\\/image\\\/\",\"url\":\"https:\\\/\\\/mdc1060.brussels\\\/wp-content\\\/uploads\\\/2026\\\/05\\\/logo-mdc-st-gilles.svg\",\"contentUrl\":\"https:\\\/\\\/mdc1060.brussels\\\/wp-content\\\/uploads\\\/2026\\\/05\\\/logo-mdc-st-gilles.svg\",\"width\":50,\"height\":33,\"caption\":\"La Maison des Cultures de Saint-Gilles\"},\"image\":{\"@id\":\"https:\\\/\\\/mdc1060.brussels\\\/nl\\\/#\\\/schema\\\/logo\\\/image\\\/\"}}]}<\/script>\n<!-- \/ Yoast SEO plugin. -->","yoast_head_json":{"title":"Workshop vliegers maken - Shekina - La Maison des Cultures de Saint-Gilles","robots":{"index":"index","follow":"follow","max-snippet":"max-snippet:-1","max-image-preview":"max-image-preview:large","max-video-preview":"max-video-preview:-1"},"canonical":"https:\/\/mdc1060.brussels\/nl\/agenda\/workshop-vliegers-maken-shekina\/","og_locale":"nl_NL","og_type":"article","og_title":"Workshop vliegers maken - Shekina - La Maison des Cultures de Saint-Gilles","og_url":"https:\/\/mdc1060.brussels\/nl\/agenda\/workshop-vliegers-maken-shekina\/","og_site_name":"La Maison des Cultures de Saint-Gilles","og_image":[{"width":1500,"height":1500,"url":"https:\/\/mdc1060.brussels\/wp-content\/uploads\/2026\/07\/MDC-agenda-atelier-de-fabrication-de-cerfs-volants-shekina-maison-des-cultures-de-saint-gilles.webp","type":"image\/webp"}],"twitter_card":"summary_large_image","schema":{"@context":"https:\/\/schema.org","@graph":[{"@type":"WebPage","@id":"https:\/\/mdc1060.brussels\/nl\/agenda\/workshop-vliegers-maken-shekina\/","url":"https:\/\/mdc1060.brussels\/nl\/agenda\/workshop-vliegers-maken-shekina\/","name":"Workshop vliegers maken - Shekina - La Maison des Cultures de Saint-Gilles","isPartOf":{"@id":"https:\/\/mdc1060.brussels\/nl\/#website"},"primaryImageOfPage":{"@id":"https:\/\/mdc1060.brussels\/nl\/agenda\/workshop-vliegers-maken-shekina\/#primaryimage"},"image":{"@id":"https:\/\/mdc1060.brussels\/nl\/agenda\/workshop-vliegers-maken-shekina\/#primaryimage"},"thumbnailUrl":"https:\/\/mdc1060.brussels\/wp-content\/uploads\/2026\/07\/MDC-agenda-atelier-de-fabrication-de-cerfs-volants-shekina-maison-des-cultures-de-saint-gilles.webp","datePublished":"2026-07-08T12:23:11+00:00","breadcrumb":{"@id":"https:\/\/mdc1060.brussels\/nl\/agenda\/workshop-vliegers-maken-shekina\/#breadcrumb"},"inLanguage":"nl-NL","potentialAction":[{"@type":"ReadAction","target":["https:\/\/mdc1060.brussels\/nl\/agenda\/workshop-vliegers-maken-shekina\/"]}]},{"@type":"ImageObject","inLanguage":"nl-NL","@id":"https:\/\/mdc1060.brussels\/nl\/agenda\/workshop-vliegers-maken-shekina\/#primaryimage","url":"https:\/\/mdc1060.brussels\/wp-content\/uploads\/2026\/07\/MDC-agenda-atelier-de-fabrication-de-cerfs-volants-shekina-maison-des-cultures-de-saint-gilles.webp","contentUrl":"https:\/\/mdc1060.brussels\/wp-content\/uploads\/2026\/07\/MDC-agenda-atelier-de-fabrication-de-cerfs-volants-shekina-maison-des-cultures-de-saint-gilles.webp","width":1500,"height":1500,"caption":"L\u2019atelier Shekina propose de fabriquer et personnaliser son propre cerf-volant dans une activit\u00e9 cr\u00e9ative et ludique."},{"@type":"BreadcrumbList","@id":"https:\/\/mdc1060.brussels\/nl\/agenda\/workshop-vliegers-maken-shekina\/#breadcrumb","itemListElement":[{"@type":"ListItem","position":1,"name":"Accueil","item":"https:\/\/mdc1060.brussels\/nl\/"},{"@type":"ListItem","position":2,"name":"Ev\u00e9nements","item":"https:\/\/mdc1060.brussels\/nl\/agenda\/"},{"@type":"ListItem","position":3,"name":"Workshop vliegers maken &#8211; Shekina"}]},{"@type":"WebSite","@id":"https:\/\/mdc1060.brussels\/nl\/#website","url":"https:\/\/mdc1060.brussels\/nl\/","name":"La Maison des Cultures de Saint-Gilles","description":"Un lieu vivant d\u00e9di\u00e9 \u00e0 l\u2019art, aux rencontres et aux pratiques culturelles.","publisher":{"@id":"https:\/\/mdc1060.brussels\/nl\/#organization"},"potentialAction":[{"@type":"SearchAction","target":{"@type":"EntryPoint","urlTemplate":"https:\/\/mdc1060.brussels\/nl\/?s={search_term_string}"},"query-input":{"@type":"PropertyValueSpecification","valueRequired":true,"valueName":"search_term_string"}}],"inLanguage":"nl-NL"},{"@type":"Organization","@id":"https:\/\/mdc1060.brussels\/nl\/#organization","name":"La Maison des Cultures de Saint-Gilles","url":"https:\/\/mdc1060.brussels\/nl\/","logo":{"@type":"ImageObject","inLanguage":"nl-NL","@id":"https:\/\/mdc1060.brussels\/nl\/#\/schema\/logo\/image\/","url":"https:\/\/mdc1060.brussels\/wp-content\/uploads\/2026\/05\/logo-mdc-st-gilles.svg","contentUrl":"https:\/\/mdc1060.brussels\/wp-content\/uploads\/2026\/05\/logo-mdc-st-gilles.svg","width":50,"height":33,"caption":"La Maison des Cultures de Saint-Gilles"},"image":{"@id":"https:\/\/mdc1060.brussels\/nl\/#\/schema\/logo\/image\/"}}]}},"_links":{"self":[{"href":"https:\/\/mdc1060.brussels\/nl\/wp-json\/wp\/v2\/evenements\/4661","targetHints":{"allow":["GET"]}}],"collection":[{"href":"https:\/\/mdc1060.brussels\/nl\/wp-json\/wp\/v2\/evenements"}],"about":[{"href":"https:\/\/mdc1060.brussels\/nl\/wp-json\/wp\/v2\/types\/evenements"}],"version-history":[{"count":0,"href":"https:\/\/mdc1060.brussels\/nl\/wp-json\/wp\/v2\/evenements\/4661\/revisions"}],"wp:featuredmedia":[{"embeddable":true,"href":"https:\/\/mdc1060.brussels\/nl\/wp-json\/wp\/v2\/media\/4662"}],"wp:attachment":[{"href":"https:\/\/mdc1060.brussels\/nl\/wp-json\/wp\/v2\/media?parent=4661"}],"wp:term":[{"taxonomy":"type-de-public-evenement","embeddable":true,"href":"https:\/\/mdc1060.brussels\/nl\/wp-json\/wp\/v2\/type-de-public-evenement?post=4661"},{"taxonomy":"etiquette-devenement","embeddable":true,"href":"https:\/\/mdc1060.brussels\/nl\/wp-json\/wp\/v2\/etiquette-devenement?post=4661"},{"taxonomy":"categorie-devenement","embeddable":true,"href":"https:\/\/mdc1060.brussels\/nl\/wp-json\/wp\/v2\/categorie-devenement?post=4661"}],"curies":[{"name":"wp","href":"https:\/\/api.w.org\/{rel}","templated":true}]}}

<!-- This site is optimized with the Yoast SEO plugin v28.3 - https://yoast.com/product/yoast-seo-wordpress/ -->
<title>Workshop vliegers maken - Shekina - La Maison des Cultures de Saint-Gilles</title>
<meta name="robots" content="index, follow, max-snippet:-1, max-image-preview:large, max-video-preview:-1" />
<link rel="canonical" href="https://mdc1060.brussels/nl/agenda/workshop-vliegers-maken-shekina/" />
<meta property="og:locale" content="nl_NL" />
<meta property="og:type" content="article" />
<meta property="og:title" content="Workshop vliegers maken - Shekina - La Maison des Cultures de Saint-Gilles" />
<meta property="og:url" content="https://mdc1060.brussels/nl/agenda/workshop-vliegers-maken-shekina/" />
<meta property="og:site_name" content="La Maison des Cultures de Saint-Gilles" />
<meta property="og:image" content="https://mdc1060.brussels/wp-content/uploads/2026/07/MDC-agenda-atelier-de-fabrication-de-cerfs-volants-shekina-maison-des-cultures-de-saint-gilles.webp" />
	<meta property="og:image:width" content="1500" />
	<meta property="og:image:height" content="1500" />
	<meta property="og:image:type" content="image/webp" />
<meta name="twitter:card" content="summary_large_image" />
<script type="application/ld+json" class="yoast-schema-graph">{"@context":"https:\/\/schema.org","@graph":[{"@type":"WebPage","@id":"https:\/\/mdc1060.brussels\/nl\/agenda\/workshop-vliegers-maken-shekina\/","url":"https:\/\/mdc1060.brussels\/nl\/agenda\/workshop-vliegers-maken-shekina\/","name":"Workshop vliegers maken - Shekina - La Maison des Cultures de Saint-Gilles","isPartOf":{"@id":"https:\/\/mdc1060.brussels\/nl\/#website"},"primaryImageOfPage":{"@id":"https:\/\/mdc1060.brussels\/nl\/agenda\/workshop-vliegers-maken-shekina\/#primaryimage"},"image":{"@id":"https:\/\/mdc1060.brussels\/nl\/agenda\/workshop-vliegers-maken-shekina\/#primaryimage"},"thumbnailUrl":"https:\/\/mdc1060.brussels\/wp-content\/uploads\/2026\/07\/MDC-agenda-atelier-de-fabrication-de-cerfs-volants-shekina-maison-des-cultures-de-saint-gilles.webp","datePublished":"2026-07-08T12:23:11+00:00","breadcrumb":{"@id":"https:\/\/mdc1060.brussels\/nl\/agenda\/workshop-vliegers-maken-shekina\/#breadcrumb"},"inLanguage":"nl-NL","potentialAction":[{"@type":"ReadAction","target":["https:\/\/mdc1060.brussels\/nl\/agenda\/workshop-vliegers-maken-shekina\/"]}]},{"@type":"ImageObject","inLanguage":"nl-NL","@id":"https:\/\/mdc1060.brussels\/nl\/agenda\/workshop-vliegers-maken-shekina\/#primaryimage","url":"https:\/\/mdc1060.brussels\/wp-content\/uploads\/2026\/07\/MDC-agenda-atelier-de-fabrication-de-cerfs-volants-shekina-maison-des-cultures-de-saint-gilles.webp","contentUrl":"https:\/\/mdc1060.brussels\/wp-content\/uploads\/2026\/07\/MDC-agenda-atelier-de-fabrication-de-cerfs-volants-shekina-maison-des-cultures-de-saint-gilles.webp","width":1500,"height":1500,"caption":"L’atelier Shekina propose de fabriquer et personnaliser son propre cerf-volant dans une activité créative et ludique."},{"@type":"BreadcrumbList","@id":"https:\/\/mdc1060.brussels\/nl\/agenda\/workshop-vliegers-maken-shekina\/#breadcrumb","itemListElement":[{"@type":"ListItem","position":1,"name":"Accueil","item":"https:\/\/mdc1060.brussels\/nl\/"},{"@type":"ListItem","position":2,"name":"Evénements","item":"https:\/\/mdc1060.brussels\/nl\/agenda\/"},{"@type":"ListItem","position":3,"name":"Workshop vliegers maken &#8211; Shekina"}]},{"@type":"WebSite","@id":"https:\/\/mdc1060.brussels\/nl\/#website","url":"https:\/\/mdc1060.brussels\/nl\/","name":"La Maison des Cultures de Saint-Gilles","description":"Un lieu vivant dédié à l’art, aux rencontres et aux pratiques culturelles.","publisher":{"@id":"https:\/\/mdc1060.brussels\/nl\/#organization"},"potentialAction":[{"@type":"SearchAction","target":{"@type":"EntryPoint","urlTemplate":"https:\/\/mdc1060.brussels\/nl\/?s={search_term_string}"},"query-input":{"@type":"PropertyValueSpecification","valueRequired":true,"valueName":"search_term_string"}}],"inLanguage":"nl-NL"},{"@type":"Organization","@id":"https:\/\/mdc1060.brussels\/nl\/#organization","name":"La Maison des Cultures de Saint-Gilles","url":"https:\/\/mdc1060.brussels\/nl\/","logo":{"@type":"ImageObject","inLanguage":"nl-NL","@id":"https:\/\/mdc1060.brussels\/nl\/#\/schema\/logo\/image\/","url":"https:\/\/mdc1060.brussels\/wp-content\/uploads\/2026\/05\/logo-mdc-st-gilles.svg","contentUrl":"https:\/\/mdc1060.brussels\/wp-content\/uploads\/2026\/05\/logo-mdc-st-gilles.svg","width":50,"height":33,"caption":"La Maison des Cultures de Saint-Gilles"},"image":{"@id":"https:\/\/mdc1060.brussels\/nl\/#\/schema\/logo\/image\/"}}]}</script>
<!-- / Yoast SEO plugin. -->

L’atelier Shekina propose de fabriquer et personnaliser son propre cerf-volant dans une activité créative et ludique.

Evénements

Un lieu vivant dédié à l’art, aux rencontres et aux pratiques culturelles.
