{"id":10028,"date":"2020-06-16T15:40:03","date_gmt":"2020-06-16T13:40:03","guid":{"rendered":"http:\/\/mdc1060.brussels\/?post_type=tribe_events&amp;p=10028"},"modified":"2020-06-16T15:40:03","modified_gmt":"2020-06-16T13:40:03","slug":"tchitcho-dans-la-cuisine-18-juin","status":"publish","type":"tribe_events","link":"https:\/\/mdc1060.brussels\/nl\/event\/tchitcho-dans-la-cuisine-18-juin\/","title":{"rendered":"TCHITCHO &#8211; DANS LA CUISINE \/ 18 juin"},"content":{"rendered":"<h6><strong>Ev\u00e9nement en ligne dans le cadre d&#8217;Assign\u00e9s en r\u00e9sidence \u2022 <\/strong><strong>Th\u00e9\u00e2tre<\/strong><\/h6>\n<p><span>M\u00e9lanie est n\u00e9e \u00e0 Charleroi, au milieu de centaines d\u2019autres \u00ab\u00a0Tchitcho\u00a0\u00bb. Elle a grandi entre l\u2019odeur de la sauce tomate mijot\u00e9e et celle de la graisse \u00e0 frites. De son pays d\u2019origine, elle sait ce qu\u2019on lui en a dit, que c\u2019\u00e9tait \u00ab\u00a0le plus beau du monde\u00a0\u00bb. Ce qu\u2019elle connait de ce pays est une mosa\u00efque d\u2019images entendues et caricaturales issue d\u2019une vision <em>mainstream<\/em> de l\u2019Italie. L\u2019italien, elle ne le parle pas vraiment mais, elle en est certaine, un lien puissant et intense la relie \u00e0 cette terre de soleil et d\u2019huile d\u2019olive. Elle a le sentiment que cette l\u00e9g\u00e8re tristesse qui s\u2019empare d\u2019elle ici trouverait peut-\u00eatre du r\u00e9confort l\u00e0-bas, dans cette terre natale.<\/span><\/p>\n<p><span>Mars 2020. Confin\u00e9e dans son logis, elle d\u00e9cide de se filmer en direct de sa cuisine pour expliquer une recette traditionnelle de sa <em>nonna<\/em> Anna. Le hic, c\u2019est qu\u2019elle doit se d\u00e9brouiller avec les ingr\u00e9dients qu\u2019elle peut trouver \u00e0 Charleroi\u2026<\/span><\/p>\n<p><span>Par la N\u00e9buleuse<\/span><\/p>\n<p>Concept et mise en en sc\u00e8ne : Emeline Marcour<\/p>\n<p>Interpr\u00e9tation : Lisa Tonelli<\/p>\n<p>&nbsp;<\/p>\n<p><iframe width=\"560\" height=\"400\" style=\"border: none; overflow: hidden;\" src=\"https:\/\/www.facebook.com\/plugins\/video.php?href=https%3A%2F%2Fwww.facebook.com%2FMaisondesculturesdesaintgilles%2Fvideos%2F3334440759933417%2F&amp;show_text=0&amp;width=560\" scrolling=\"no\" frameborder=\"0\" allowtransparency=\"true\" allowfullscreen=\"allowfullscreen\"><\/iframe><\/p>\n<p>&nbsp;<\/p>\n<h6><strong>Niveau de fran\u00e7ais:<\/strong><\/h6>\n<p><img decoding=\"async\" src=\"http:\/\/mdc1060.brussels\/wp-content\/uploads\/2019\/01\/French-level_4.png\" alt=\"\" class=\"alignnone wp-image-6498 size-full\" width=\"152\" height=\"34\" \/><\/p>\n","protected":false},"excerpt":{"rendered":"<p>Ev\u00e9nement en ligne dans le cadre d&#8217;Assign\u00e9s en r\u00e9sidence \u2022 Th\u00e9\u00e2tre M\u00e9lanie est n\u00e9e \u00e0 Charleroi, au milieu de centaines d\u2019autres \u00ab\u00a0Tchitcho\u00a0\u00bb. Elle a grandi entre l\u2019odeur de la sauce tomate mijot\u00e9e et celle de la graisse \u00e0 frites. De son pays d\u2019origine, elle sait ce qu\u2019on lui en a [&hellip;]<\/p>\n","protected":false},"author":5,"featured_media":10054,"template":"","meta":{"_tribe_events_status":"","_tribe_events_status_reason":"","_tribe_events_is_hybrid":"","_tribe_events_is_virtual":"","_tribe_events_virtual_video_source":"","_tribe_events_virtual_embed_video":"","_tribe_events_virtual_linked_button_text":"","_tribe_events_virtual_linked_button":"","_tribe_events_virtual_show_embed_at":"","_tribe_events_virtual_show_embed_to":[],"_tribe_events_virtual_show_on_event":"","_tribe_events_virtual_show_on_views":"","_tribe_events_virtual_url":"","footnotes":""},"tags":[],"tribe_events_cat":[59],"class_list":["post-10028","tribe_events","type-tribe_events","status-publish","has-post-thumbnail","hentry","tribe_events_cat-spectacles","cat_spectacles"],"yoast_head":"<!-- This site is optimized with the Yoast SEO plugin v26.3 - https:\/\/yoast.com\/wordpress\/plugins\/seo\/ -->\n<title>TCHITCHO - DANS LA CUISINE \/ 18 juin - Maison des Cultures de Saint-Gilles<\/title>\n<meta name=\"robots\" content=\"index, follow, max-snippet:-1, max-image-preview:large, max-video-preview:-1\" \/>\n<link rel=\"canonical\" href=\"https:\/\/mdc1060.brussels\/nl\/event\/tchitcho-dans-la-cuisine-18-juin\/\" \/>\n<meta property=\"og:locale\" content=\"nl_NL\" \/>\n<meta property=\"og:type\" content=\"article\" \/>\n<meta property=\"og:title\" content=\"TCHITCHO - DANS LA CUISINE \/ 18 juin - Maison des Cultures de Saint-Gilles\" \/>\n<meta property=\"og:description\" content=\"Ev\u00e9nement en ligne dans le cadre d&#8217;Assign\u00e9s en r\u00e9sidence \u2022 Th\u00e9\u00e2tre M\u00e9lanie est n\u00e9e \u00e0 Charleroi, au milieu de centaines d\u2019autres \u00ab\u00a0Tchitcho\u00a0\u00bb. Elle a grandi entre l\u2019odeur de la sauce tomate mijot\u00e9e et celle de la graisse \u00e0 frites. De son pays d\u2019origine, elle sait ce qu\u2019on lui en a [&hellip;]\" \/>\n<meta property=\"og:url\" content=\"https:\/\/mdc1060.brussels\/nl\/event\/tchitcho-dans-la-cuisine-18-juin\/\" \/>\n<meta property=\"og:site_name\" content=\"Maison des Cultures de Saint-Gilles\" \/>\n<meta property=\"article:publisher\" content=\"https:\/\/www.facebook.com\/Maisondesculturesdesaintgilles\" \/>\n<meta property=\"og:image\" content=\"https:\/\/mdc1060.brussels\/wp-content\/uploads\/2020\/06\/TChitcho-confin\u00e9-web.jpg\" \/>\n\t<meta property=\"og:image:width\" content=\"969\" \/>\n\t<meta property=\"og:image:height\" content=\"960\" \/>\n\t<meta property=\"og:image:type\" content=\"image\/jpeg\" \/>\n<meta name=\"twitter:card\" content=\"summary_large_image\" \/>\n<meta name=\"twitter:label1\" content=\"Geschatte leestijd\" \/>\n\t<meta name=\"twitter:data1\" content=\"1 minuut\" \/>\n<script type=\"application\/ld+json\" class=\"yoast-schema-graph\">{\"@context\":\"https:\/\/schema.org\",\"@graph\":[{\"@type\":\"WebPage\",\"@id\":\"https:\/\/mdc1060.brussels\/nl\/event\/tchitcho-dans-la-cuisine-18-juin\/\",\"url\":\"https:\/\/mdc1060.brussels\/nl\/event\/tchitcho-dans-la-cuisine-18-juin\/\",\"name\":\"TCHITCHO - DANS LA CUISINE \/ 18 juin - Maison des Cultures de Saint-Gilles\",\"isPartOf\":{\"@id\":\"https:\/\/mdc1060.brussels\/nl\/#website\"},\"primaryImageOfPage\":{\"@id\":\"https:\/\/mdc1060.brussels\/nl\/event\/tchitcho-dans-la-cuisine-18-juin\/#primaryimage\"},\"image\":{\"@id\":\"https:\/\/mdc1060.brussels\/nl\/event\/tchitcho-dans-la-cuisine-18-juin\/#primaryimage\"},\"thumbnailUrl\":\"https:\/\/mdc1060.brussels\/wp-content\/uploads\/2020\/06\/TChitcho-confin\u00e9-web.jpg\",\"datePublished\":\"2020-06-16T13:40:03+00:00\",\"breadcrumb\":{\"@id\":\"https:\/\/mdc1060.brussels\/nl\/event\/tchitcho-dans-la-cuisine-18-juin\/#breadcrumb\"},\"inLanguage\":\"nl-NL\",\"potentialAction\":[{\"@type\":\"ReadAction\",\"target\":[\"https:\/\/mdc1060.brussels\/nl\/event\/tchitcho-dans-la-cuisine-18-juin\/\"]}]},{\"@type\":\"ImageObject\",\"inLanguage\":\"nl-NL\",\"@id\":\"https:\/\/mdc1060.brussels\/nl\/event\/tchitcho-dans-la-cuisine-18-juin\/#primaryimage\",\"url\":\"https:\/\/mdc1060.brussels\/wp-content\/uploads\/2020\/06\/TChitcho-confin\u00e9-web.jpg\",\"contentUrl\":\"https:\/\/mdc1060.brussels\/wp-content\/uploads\/2020\/06\/TChitcho-confin\u00e9-web.jpg\",\"width\":969,\"height\":960},{\"@type\":\"BreadcrumbList\",\"@id\":\"https:\/\/mdc1060.brussels\/nl\/event\/tchitcho-dans-la-cuisine-18-juin\/#breadcrumb\",\"itemListElement\":[{\"@type\":\"ListItem\",\"position\":1,\"name\":\"Accueil\",\"item\":\"https:\/\/mdc1060.brussels\/nl\/\"},{\"@type\":\"ListItem\",\"position\":2,\"name\":\"Evenementen\",\"item\":\"https:\/\/mdc1060.brussels\/nl\/events\/\"},{\"@type\":\"ListItem\",\"position\":3,\"name\":\"TCHITCHO &#8211; DANS LA CUISINE \/ 18 juin\"}]},{\"@type\":\"WebSite\",\"@id\":\"https:\/\/mdc1060.brussels\/nl\/#website\",\"url\":\"https:\/\/mdc1060.brussels\/nl\/\",\"name\":\"Maison des Cultures de Saint-Gilles\",\"description\":\"Concerts, th\u00e9\u00e2tre, danse, cirque, r\u00e9sidences, expos, ateliers, stages...\",\"potentialAction\":[{\"@type\":\"SearchAction\",\"target\":{\"@type\":\"EntryPoint\",\"urlTemplate\":\"https:\/\/mdc1060.brussels\/nl\/?s={search_term_string}\"},\"query-input\":{\"@type\":\"PropertyValueSpecification\",\"valueRequired\":true,\"valueName\":\"search_term_string\"}}],\"inLanguage\":\"nl-NL\"}]}<\/script>\n<!-- \/ Yoast SEO plugin. -->","yoast_head_json":{"title":"TCHITCHO - DANS LA CUISINE \/ 18 juin - Maison des Cultures de Saint-Gilles","robots":{"index":"index","follow":"follow","max-snippet":"max-snippet:-1","max-image-preview":"max-image-preview:large","max-video-preview":"max-video-preview:-1"},"canonical":"https:\/\/mdc1060.brussels\/nl\/event\/tchitcho-dans-la-cuisine-18-juin\/","og_locale":"nl_NL","og_type":"article","og_title":"TCHITCHO - DANS LA CUISINE \/ 18 juin - Maison des Cultures de Saint-Gilles","og_description":"Ev\u00e9nement en ligne dans le cadre d&#8217;Assign\u00e9s en r\u00e9sidence \u2022 Th\u00e9\u00e2tre M\u00e9lanie est n\u00e9e \u00e0 Charleroi, au milieu de centaines d\u2019autres \u00ab\u00a0Tchitcho\u00a0\u00bb. Elle a grandi entre l\u2019odeur de la sauce tomate mijot\u00e9e et celle de la graisse \u00e0 frites. De son pays d\u2019origine, elle sait ce qu\u2019on lui en a [&hellip;]","og_url":"https:\/\/mdc1060.brussels\/nl\/event\/tchitcho-dans-la-cuisine-18-juin\/","og_site_name":"Maison des Cultures de Saint-Gilles","article_publisher":"https:\/\/www.facebook.com\/Maisondesculturesdesaintgilles","og_image":[{"width":969,"height":960,"url":"https:\/\/mdc1060.brussels\/wp-content\/uploads\/2020\/06\/TChitcho-confin\u00e9-web.jpg","type":"image\/jpeg"}],"twitter_card":"summary_large_image","twitter_misc":{"Geschatte leestijd":"1 minuut"},"schema":{"@context":"https:\/\/schema.org","@graph":[{"@type":"WebPage","@id":"https:\/\/mdc1060.brussels\/nl\/event\/tchitcho-dans-la-cuisine-18-juin\/","url":"https:\/\/mdc1060.brussels\/nl\/event\/tchitcho-dans-la-cuisine-18-juin\/","name":"TCHITCHO - DANS LA CUISINE \/ 18 juin - Maison des Cultures de Saint-Gilles","isPartOf":{"@id":"https:\/\/mdc1060.brussels\/nl\/#website"},"primaryImageOfPage":{"@id":"https:\/\/mdc1060.brussels\/nl\/event\/tchitcho-dans-la-cuisine-18-juin\/#primaryimage"},"image":{"@id":"https:\/\/mdc1060.brussels\/nl\/event\/tchitcho-dans-la-cuisine-18-juin\/#primaryimage"},"thumbnailUrl":"https:\/\/mdc1060.brussels\/wp-content\/uploads\/2020\/06\/TChitcho-confin\u00e9-web.jpg","datePublished":"2020-06-16T13:40:03+00:00","breadcrumb":{"@id":"https:\/\/mdc1060.brussels\/nl\/event\/tchitcho-dans-la-cuisine-18-juin\/#breadcrumb"},"inLanguage":"nl-NL","potentialAction":[{"@type":"ReadAction","target":["https:\/\/mdc1060.brussels\/nl\/event\/tchitcho-dans-la-cuisine-18-juin\/"]}]},{"@type":"ImageObject","inLanguage":"nl-NL","@id":"https:\/\/mdc1060.brussels\/nl\/event\/tchitcho-dans-la-cuisine-18-juin\/#primaryimage","url":"https:\/\/mdc1060.brussels\/wp-content\/uploads\/2020\/06\/TChitcho-confin\u00e9-web.jpg","contentUrl":"https:\/\/mdc1060.brussels\/wp-content\/uploads\/2020\/06\/TChitcho-confin\u00e9-web.jpg","width":969,"height":960},{"@type":"BreadcrumbList","@id":"https:\/\/mdc1060.brussels\/nl\/event\/tchitcho-dans-la-cuisine-18-juin\/#breadcrumb","itemListElement":[{"@type":"ListItem","position":1,"name":"Accueil","item":"https:\/\/mdc1060.brussels\/nl\/"},{"@type":"ListItem","position":2,"name":"Evenementen","item":"https:\/\/mdc1060.brussels\/nl\/events\/"},{"@type":"ListItem","position":3,"name":"TCHITCHO &#8211; DANS LA CUISINE \/ 18 juin"}]},{"@type":"WebSite","@id":"https:\/\/mdc1060.brussels\/nl\/#website","url":"https:\/\/mdc1060.brussels\/nl\/","name":"Maison des Cultures de Saint-Gilles","description":"Concerts, th\u00e9\u00e2tre, danse, cirque, r\u00e9sidences, expos, ateliers, stages...","potentialAction":[{"@type":"SearchAction","target":{"@type":"EntryPoint","urlTemplate":"https:\/\/mdc1060.brussels\/nl\/?s={search_term_string}"},"query-input":{"@type":"PropertyValueSpecification","valueRequired":true,"valueName":"search_term_string"}}],"inLanguage":"nl-NL"}]}},"_links":{"self":[{"href":"https:\/\/mdc1060.brussels\/nl\/wp-json\/wp\/v2\/tribe_events\/10028","targetHints":{"allow":["GET"]}}],"collection":[{"href":"https:\/\/mdc1060.brussels\/nl\/wp-json\/wp\/v2\/tribe_events"}],"about":[{"href":"https:\/\/mdc1060.brussels\/nl\/wp-json\/wp\/v2\/types\/tribe_events"}],"author":[{"embeddable":true,"href":"https:\/\/mdc1060.brussels\/nl\/wp-json\/wp\/v2\/users\/5"}],"version-history":[{"count":0,"href":"https:\/\/mdc1060.brussels\/nl\/wp-json\/wp\/v2\/tribe_events\/10028\/revisions"}],"wp:featuredmedia":[{"embeddable":true,"href":"https:\/\/mdc1060.brussels\/nl\/wp-json\/wp\/v2\/media\/10054"}],"wp:attachment":[{"href":"https:\/\/mdc1060.brussels\/nl\/wp-json\/wp\/v2\/media?parent=10028"}],"wp:term":[{"taxonomy":"post_tag","embeddable":true,"href":"https:\/\/mdc1060.brussels\/nl\/wp-json\/wp\/v2\/tags?post=10028"},{"taxonomy":"tribe_events_cat","embeddable":true,"href":"https:\/\/mdc1060.brussels\/nl\/wp-json\/wp\/v2\/tribe_events_cat?post=10028"}],"curies":[{"name":"wp","href":"https:\/\/api.w.org\/{rel}","templated":true}]}}

<h6><strong>Evénement en ligne dans le cadre d&#8217;Assignés en résidence • </strong><strong>Théâtre</strong></h6>
<p><span>Mélanie est née à Charleroi, au milieu de centaines d’autres « Tchitcho ». Elle a grandi entre l’odeur de la sauce tomate mijotée et celle de la graisse à frites. De son pays d’origine, elle sait ce qu’on lui en a dit, que c’était « le plus beau du monde ». Ce qu’elle connait de ce pays est une mosaïque d’images entendues et caricaturales issue d’une vision <em>mainstream</em> de l’Italie. L’italien, elle ne le parle pas vraiment mais, elle en est certaine, un lien puissant et intense la relie à cette terre de soleil et d’huile d’olive. Elle a le sentiment que cette légère tristesse qui s’empare d’elle ici trouverait peut-être du réconfort là-bas, dans cette terre natale.</span></p>
<p><span>Mars 2020. Confinée dans son logis, elle décide de se filmer en direct de sa cuisine pour expliquer une recette traditionnelle de sa <em>nonna</em> Anna. Le hic, c’est qu’elle doit se débrouiller avec les ingrédients qu’elle peut trouver à Charleroi…</span></p>
<p><span>Par la Nébuleuse</span></p>
<p>Concept et mise en en scène : Emeline Marcour</p>
<p>Interprétation : Lisa Tonelli</p>
<p>&nbsp;</p>
<p><iframe width="560" height="400" style="border: none; overflow: hidden;" src="https://www.facebook.com/plugins/video.php?href=https%3A%2F%2Fwww.facebook.com%2FMaisondesculturesdesaintgilles%2Fvideos%2F3334440759933417%2F&amp;show_text=0&amp;width=560" scrolling="no" frameborder="0" allowtransparency="true" allowfullscreen="allowfullscreen"></iframe></p>
<p>&nbsp;</p>
<h6><strong>Niveau de français:</strong></h6>
<p><img decoding="async" src="http://mdc1060.brussels/wp-content/uploads/2019/01/French-level_4.png" alt="" class="alignnone wp-image-6498 size-full" width="152" height="34" /></p>

<p>Evénement en ligne dans le cadre d&#8217;Assignés en résidence • Théâtre Mélanie est née à Charleroi, au milieu de centaines d’autres « Tchitcho ». Elle a grandi entre l’odeur de la sauce tomate mijotée et celle de la graisse à frites. De son pays d’origine, elle sait ce qu’on lui en a [&hellip;]</p>

<!-- This site is optimized with the Yoast SEO plugin v26.3 - https://yoast.com/wordpress/plugins/seo/ -->
<title>TCHITCHO - DANS LA CUISINE / 18 juin - Maison des Cultures de Saint-Gilles</title>
<meta name="robots" content="index, follow, max-snippet:-1, max-image-preview:large, max-video-preview:-1" />
<link rel="canonical" href="https://mdc1060.brussels/nl/event/tchitcho-dans-la-cuisine-18-juin/" />
<meta property="og:locale" content="nl_NL" />
<meta property="og:type" content="article" />
<meta property="og:title" content="TCHITCHO - DANS LA CUISINE / 18 juin - Maison des Cultures de Saint-Gilles" />
<meta property="og:description" content="Evénement en ligne dans le cadre d&#8217;Assignés en résidence • Théâtre Mélanie est née à Charleroi, au milieu de centaines d’autres « Tchitcho ». Elle a grandi entre l’odeur de la sauce tomate mijotée et celle de la graisse à frites. De son pays d’origine, elle sait ce qu’on lui en a [&hellip;]" />
<meta property="og:url" content="https://mdc1060.brussels/nl/event/tchitcho-dans-la-cuisine-18-juin/" />
<meta property="og:site_name" content="Maison des Cultures de Saint-Gilles" />
<meta property="article:publisher" content="https://www.facebook.com/Maisondesculturesdesaintgilles" />
<meta property="og:image" content="https://mdc1060.brussels/wp-content/uploads/2020/06/TChitcho-confiné-web.jpg" />
	<meta property="og:image:width" content="969" />
	<meta property="og:image:height" content="960" />
	<meta property="og:image:type" content="image/jpeg" />
<meta name="twitter:card" content="summary_large_image" />
<meta name="twitter:label1" content="Geschatte leestijd" />
	<meta name="twitter:data1" content="1 minuut" />
<script type="application/ld+json" class="yoast-schema-graph">{"@context":"https://schema.org","@graph":[{"@type":"WebPage","@id":"https://mdc1060.brussels/nl/event/tchitcho-dans-la-cuisine-18-juin/","url":"https://mdc1060.brussels/nl/event/tchitcho-dans-la-cuisine-18-juin/","name":"TCHITCHO - DANS LA CUISINE / 18 juin - Maison des Cultures de Saint-Gilles","isPartOf":{"@id":"https://mdc1060.brussels/nl/#website"},"primaryImageOfPage":{"@id":"https://mdc1060.brussels/nl/event/tchitcho-dans-la-cuisine-18-juin/#primaryimage"},"image":{"@id":"https://mdc1060.brussels/nl/event/tchitcho-dans-la-cuisine-18-juin/#primaryimage"},"thumbnailUrl":"https://mdc1060.brussels/wp-content/uploads/2020/06/TChitcho-confiné-web.jpg","datePublished":"2020-06-16T13:40:03+00:00","breadcrumb":{"@id":"https://mdc1060.brussels/nl/event/tchitcho-dans-la-cuisine-18-juin/#breadcrumb"},"inLanguage":"nl-NL","potentialAction":[{"@type":"ReadAction","target":["https://mdc1060.brussels/nl/event/tchitcho-dans-la-cuisine-18-juin/"]}]},{"@type":"ImageObject","inLanguage":"nl-NL","@id":"https://mdc1060.brussels/nl/event/tchitcho-dans-la-cuisine-18-juin/#primaryimage","url":"https://mdc1060.brussels/wp-content/uploads/2020/06/TChitcho-confiné-web.jpg","contentUrl":"https://mdc1060.brussels/wp-content/uploads/2020/06/TChitcho-confiné-web.jpg","width":969,"height":960},{"@type":"BreadcrumbList","@id":"https://mdc1060.brussels/nl/event/tchitcho-dans-la-cuisine-18-juin/#breadcrumb","itemListElement":[{"@type":"ListItem","position":1,"name":"Accueil","item":"https://mdc1060.brussels/nl/"},{"@type":"ListItem","position":2,"name":"Evenementen","item":"https://mdc1060.brussels/nl/events/"},{"@type":"ListItem","position":3,"name":"TCHITCHO &#8211; DANS LA CUISINE / 18 juin"}]},{"@type":"WebSite","@id":"https://mdc1060.brussels/nl/#website","url":"https://mdc1060.brussels/nl/","name":"Maison des Cultures de Saint-Gilles","description":"Concerts, théâtre, danse, cirque, résidences, expos, ateliers, stages...","potentialAction":[{"@type":"SearchAction","target":{"@type":"EntryPoint","urlTemplate":"https://mdc1060.brussels/nl/?s={search_term_string}"},"query-input":{"@type":"PropertyValueSpecification","valueRequired":true,"valueName":"search_term_string"}}],"inLanguage":"nl-NL"}]}</script>
<!-- / Yoast SEO plugin. -->

Evénement en ligne dans le cadre d&#8217;Assignés en résidence • Théâtre Mélanie est née à Charleroi, au milieu de centaines d’autres « Tchitcho ». Elle a grandi entre l’odeur de la sauce tomate mijotée et celle de la graisse à frites. De son pays d’origine, elle sait ce qu’on lui en a [&hellip;]

https://mdc1060.brussels/wp-content/uploads/2020/06/TChitcho-confiné-web.jpg

Concerts, théâtre, danse, cirque, résidences, expos, ateliers, stages...
